reatest common divisor of i and j?
9
Let x = 20 - -8. What is the greatest common factor of 7 and x?
7
Let a(v) = 5 + 4*v**2 - 3*v**2 - 13 - 2*v. Suppose 37 - 13 = 4*x. Let t be a(x). What is the highest common divisor of 24 and t?
8
Suppose -53 = 5*f - 378. What is the highest common factor of f and 39?
13
Let u be (1 - (-3)/(-5))*-110. Let v = -14 - u. Let b be (4/3)/((-3)/(-27)). What is the highest common factor of b and v?
6
Let j(p) = p - 3. Suppose -2*a - 4*u - 2 = -10, -3*u + 9 = 2*a. Let z be j(a). Let c be z/(-15) + (-86)/(-5). Calculate the highest common divisor of 17 and c.
17
Let a be 4*3/(6/4). Let x = 130 + -90. Calculate the greatest common divisor of x and a.
8
Let x = 2 + 21. Calculate the greatest common factor of x and 92.
23
Let g = 23 - 18. Calculate the greatest common factor of 25 and g.
5
Let i be 3/4 + 57/4. Let r be 737/7 - (-12)/(-42). What is the greatest common factor of i and r?
15
Let c = 56 - 44. Calculate the highest common factor of 4 and c.
4
Let q(f) = -4*f - 12. Let y be q(-9). Calculate the greatest common factor of y and 4.
4
Suppose 3*f = t + 396, 6 - 18 = -4*t. Suppose -n - 15 = -2*n. Suppose n = 3*m - 42. What is the greatest common factor of f and m?
19
Suppose -2*v - 81 + 193 = 0. What is the greatest common factor of 7 and v?
7
Let s(f) = 17*f**2 - f. Let y be s(1). Let o be ((-156)/y)/((-2)/8). Let j be (-8)/(-10) + 1952/160. What is the greatest common divisor of j and o?
13
Suppose o = -4*a - 0*a - 3, -3*o - a = -13. Suppose 0 = -0*k - o*k + 30. Calculate the greatest common factor of k and 9.
3
Let l(t) = 23*t + 1. Let m = 2 + -1. Let h be l(m). Suppose 3*q + 16 = 4*u - 13, 2 = 2*q. What is the greatest common divisor of h and u?
8
Suppose 4*m + 8 = 0, 9*x - 24 = 4*x + 2*m. Let t = 57 - 49. What is the highest common factor of x and t?
4
Let c(k) = k**3 + 4*k**2 - 9*k. Let n be c(-5). What is the greatest common factor of n and 5?
5
Let u(d) = -4*d**2 + d + 3. Let n be u(4). Let l = n - -81. What is the greatest common factor of 3 and l?
3
Let q = -78 - -176. What is the highest common divisor of 14 and q?
14
Let r(o) = -41*o**2 + 20*o - 8. Let p(a) = -14*a**2 + 7*a - 3. Let n(c) = 11*p(c) - 4*r(c). Let g be n(-2). Calculate the greatest common factor of 9 and g.
9
Suppose 3*k - 3 = -5*h + 14, 2*k = -4*h + 14. Let a be 245/10*h/2. Calculate the greatest common factor of a and 7.
7
Let a = 7 + -3. Let m be (-3)/(-1*(-9)/(-6)). Calculate the highest common divisor of a and m.
2
Suppose 2*f + 1 = -q + 7, 3*q + 10 = f. Let l be 72/15 - q/10. What is the highest common factor of l and 10?
5
Suppose -5*y - 7*w + 3*w = -62, -4*y + 4*w + 64 = 0. Let k be (-8)/(-10)*35/y. Calculate the greatest common divisor of 1 and k.
1
Suppose -4*p = 2*c - 12, -5*c = 5*p - 4 - 1. Suppose 0*o + 4 = o, -p*n + 5*o = -45. What is the greatest common divisor of 39 and n?
13
Let o = -81 + 173. Let d = -37 + o. Calculate the greatest common divisor of 22 and d.
11
Let t(i) = -5*i + 46. Let j be t(9). What is the greatest common factor of j and 8?
1
Let s(j) = -j**2 - 5*j + 2. Let f be s(-5). Suppose -1 = -3*b + g + 1, g = -f. Suppose 40 = 5*k - b*k. Calculate the highest common factor of k and 40.
8
Let g = 5 - 5. Suppose -3*i + 5*i - 4 = g. What is the greatest common divisor of 14 and i?
2
Let q be (25/(-10)*3)/((-2)/4). What is the highest common divisor of 3 and q?
3
Suppose -2*c + 55 = -7*c. Let g = -8 - c. Let z(i) = -2*i**3 + 3*i + 2. Let w be z(-2). What is the greatest common divisor of w and g?
3
Let f(m) = -m**3 - 16*m**2 - 4*m - 2. Let o be f(-16). Calculate the greatest common factor of 31 and o.
31
Let k be ((-5)/(-10))/((-2)/(-172)). Suppose -4*q = h - 10, 3*q + 118 = 2*h + k. What is the highest common divisor of 6 and h?
6
Let j = 33 - 1. What is the highest common factor of 80 and j?
16
Suppose 2*n = 20 + 20. Let i = 78 - 73. Calculate the greatest common factor of n and i.
5
Let p be 8/(-36) + (-346)/(-18) + 1. Let r be (-4)/(-3)*(-2 - -5). What is the highest common divisor of r and p?
4
Let y be (20/6)/(-1)*(-126)/105. What is the greatest common divisor of 1 and y?
1
Suppose -79 = -4*a - 3*r, 5*a + r - 38 = 69. What is the highest common factor of 2 and a?
2
Suppose -164 = -3*r - 5*n, -n + 48 = 5*r - 218. Calculate the highest common factor of r and 53.
53
Suppose -3*k = -3*u + k + 24, u = 3*k + 13. Let w be 15/10 - (-42)/u. Calculate the highest common divisor of 24 and w.
12
Let c be (-2920)/(-18) + (-1)/((-9)/(-2)). Calculate the highest common factor of c and 27.
27
Let v(i) = 4*i**2 - i - 1. Let n be v(1). What is the greatest common divisor of 38 and n?
2
Suppose 0 = x + 2*x - 42. Suppose 1 - 2 = -g. Let j(p) = 69*p + 1. Let f be j(g). Calculate the highest common divisor of f and x.
14
Suppose -p = 6*p - 28. Suppose -74 + 18 = -p*u. What is the greatest common factor of 126 and u?
14
Suppose -2*b = -o + 10 - 4, 4 = -3*o - 5*b. Let f(l) = 9*l + o - 1 - 36*l. Let i be f(-7). Calculate the greatest common divisor of i and 19.
19
Suppose 7*w - 12*w = -45. What is the greatest common factor of w and 9?
9
Let p be 3*((-8)/(-3) + -1). Let d = p - 1. Suppose -2*m + d = -2. What is the highest common divisor of m and 2?
1
Let j be (409 + 1)/2 - -2. Suppose -10 = -4*l + 82. What is the highest common divisor of j and l?
23
Suppose s - 15 = -2*s. Suppose s*k + 40 - 125 = 0. Suppose 217 = 3*c - k. Calculate the highest common factor of 13 and c.
13
Suppose u + u = x + 10, -3*x = 3*u - 6. Suppose -r + 18 = -z + 4*r, 5*z - 14 = -r. Suppose 0 = z*t - u*t + 18. What is the greatest common factor of t and 27?
9
Let i be 2*(-1)/(3/42). Let h = -92 - i. Let y be (h/3)/(2/(-12)). What is the highest common factor of 16 and y?
16
Let u be (-6)/(-4)*(-8)/(-3). Suppose 6 = -u*h - 2. Let r(w) = 2*w**2 + 3*w + 2. Let x be r(h). What is the greatest common divisor of x and 8?
4
Suppose 5*m + 7*m - 120 = 0. Calculate the highest common factor of 70 and m.
10
Let v(q) = 2*q - 8. Let i be v(8). Let o = -6 + i. Let u(h) = 2*h**2 - 1. Let j be u(1). What is the highest common factor of j and o?
1
Suppose -2*k = 5*i - 103, 2*k - 3*i = -2*k + 167. Calculate the greatest common factor of k and 4.
4
Suppose 26 = -2*o - 2*n, 0 = -3*o + 4*n - 10 - 8. Let r be (-12)/o*(-20)/(-8). Let h = 0 + 2. What is the highest common divisor of r and h?
1
Suppose -l = -2*l + 7. Let u(r) = 11*r - 9. Let w be u(l). Suppose m + 6*m = 119. What is the highest common divisor of m and w?
17
Let p be -7 + 14 - (-6)/3. Let k(m) = 3*m - 3. Let b be k(4). What is the highest common divisor of b and p?
9
Let y be (4/(-10))/(1/(-85)). What is the greatest common divisor of y and 34?
34
Suppose 3*q - 2*q = 4. Suppose -q*a - 9 = -7*a. Suppose t - 19 = b, 0 = a*t + 2*b - 42 - 40. What is the highest common divisor of t and 3?
3
Suppose 0 = 4*j + 3*r - 32, -j - r - 6 = -15. Suppose -2 - 5 = -o. Let p = o - 6. Calculate the highest common divisor of j and p.
1
Let u = 118 + -48. What is the greatest common factor of u and 14?
14
Let x(n) = 8*n**2 - 2. Let b be (6/6)/(1/3). Let a be x(b). Calculate the highest common divisor of 28 and a.
14
Suppose 5*c + 620 = -5*z + 225, 0 = -3*c - z - 231. Let o = 416 + c. Let n = o - 207. What is the highest common factor of 19 and n?
19
Suppose -6 = 3*a + 3, 2*o - a = 71. What is the greatest common factor of 119 and o?
17
Let z be 6 + 14/(-4)*(-40)/(-70). Calculate the highest common divisor of 36 and z.
4
Suppose 2*m + 13 = 5*q - 11, 4*m = 5*q - 28. Let s = 10 - q. Calculate the highest common divisor of s and 6.
6
Suppose t - 6 = -2*l, 0*l - 5*t = 3*l - 23. Let s = l - 1. Let g be 1 + 5 + s + 2. Calculate the greatest common divisor of 56 and g.
8
Let h(x) = x**2 + 9*x + 17. Let w be h(-9). Suppose 0 = -q - 3*c + 147, -3*q + c + 767 = 2*q. What is the highest common factor of q and w?
17
Let r be (1/2)/((-1)/(-2)). Let u be (-3)/((-3)/(-3) - 2). What is the highest common divisor of r and u?
1
Suppose -3*l + 4 = -l. Suppose l*w + 0*w = 112. Calculate the highest common divisor of 8 and w.
8
Let i = 1 - 4. Let z be (-1)/i + 1/(-3). Suppose -16 = -h + 2*u, 4*h = -z*u + 5*u + 58. Calculate the highest common divisor of h and 96.
12
Let t = 4 + -2. Let q be 16/3 + t/3. Let h = 7 - q. What is the greatest common factor o